mainder when 20 is divided by 15?
5
What is the remainder when 241 is divided by 120?
1
Calculate the remainder when 88 is divided by 30.
28
What is the remainder when 256 is divided by 104?
48
Calculate the remainder when 25412 is divided by 262.
260
Calculate the remainder when 264 is divided by 23.
11
What is the remainder when 482 is divided by 69?
68
What is the remainder when 731 is divided by 51?
17
Calculate the remainder when 109 is divided by 45.
19
Calculate the remainder when 240 is divided by 137.
103
Calculate the remainder when 255 is divided by 65.
60
Calculate the remainder when 382 is divided by 19.
2
What is the remainder when 50 is divided by 6?
2
Calculate the remainder when 620 is divided by 23.
22
Calculate the remainder when 240 is divided by 224.
16
Calculate the remainder when 108 is divided by 37.
34
Calculate the remainder when 636 is divided by 49.
48
What is the remainder when 59 is divided by 8?
3
What is the remainder when 384 is divided by 35?
34
What is the remainder when 82944 is divided by 134?
132
What is the remainder when 415 is divided by 61?
49
What is the remainder when 453 is divided by 12?
9
What is the remainder when 113 is divided by 102?
11
What is the remainder when 2234 is divided by 726?
56
Calculate the remainder when 814 is divided by 368.
78
Calculate the remainder when 597 is divided by 40.
37
Calculate the remainder when 91 is divided by 9.
1
Calculate the remainder when 856 is divided by 20.
16
What is the remainder when 783 is divided by 131?
128
What is the remainder when 24839 is divided by 273?
269
Calculate the remainder when 61 is divided by 31.
30
Calculate the remainder when 525 is divided by 24.
21
Calculate the remainder when 2377 is divided by 70.
67
What is the remainder when 3304 is divided by 3297?
7
What is the remainder when 1517 is divided by 388?
353
What is the remainder when 1529 is divided by 35?
24
Calculate the remainder when 13291 is divided by 9.
7
What is the remainder when 381 is divided by 129?
123
Calculate the remainder when 293 is divided by 74.
71
Calculate the remainder when 77 is divided by 22.
11
What is the remainder when 1379 is divided by 115?
114
What is the remainder when 879 is divided by 51?
12
What is the remainder when 43 is divided by 11?
10
Calculate the remainder when 57 is divided by 20.
17
Calculate the remainder when 4040 is divided by 47.
45
Calculate the remainder when 60 is divided by 14.
4
What is the remainder when 238 is divided by 40?
38
What is the remainder when 240 is divided by 192?
48
Calculate the remainder when 443 is divided by 440.
3
Calculate the remainder when 86 is divided by 34.
18
What is the remainder when 86 is divided by 42?
2
What is the remainder when 795 is divided by 17?
13
What is the remainder when 4356 is divided by 45?
36
Calculate the remainder when 29878 is divided by 20.
18
Calculate the remainder when 132 is divided by 120.
12
What is the remainder when 139 is divided by 134?
5
Calculate the remainder when 1498 is divided by 19.
16
Calculate the remainder when 5507 is divided by 27.
26
Calculate the remainder when 128 is divided by 13.
11
Calculate the remainder when 487 is divided by 71.
61
Calculate the remainder when 647 is divided by 55.
42
What is the remainder when 369 is divided by 26?
5
What is the remainder when 6383 is divided by 49?
13
Calculate the remainder when 495 is divided by 7.
5
Calculate the remainder when 159 is divided by 54.
51
What is the remainder when 388 is divided by 9?
1
Calculate the remainder when 1667 is divided by 178.
65
What is the remainder when 148 is divided by 79?
69
Calculate the remainder when 790 is divided by 11.
9
What is the remainder when 1205 is divided by 455?
295
What is the remainder when 122 is divided by 41?
40
Calculate the remainder when 104 is divided by 20.
4
Calculate the remainder when 57 is divided by 10.
7
What is the remainder when 372 is divided by 47?
43
What is the remainder when 45 is divided by 12?
9
What is the remainder when 924 is divided by 58?
54
What is the remainder when 6651 is divided by 208?
203
What is the remainder when 1914 is divided by 140?
94
Calculate the remainder when 474 is divided by 54.
42
What is the remainder when 523 is divided by 35?
33
Calculate the remainder when 336 is divided by 69.
60
Calculate the remainder when 1202 is divided by 303.
293
What is the remainder when 48 is divided by 11?
4
What is the remainder when 6446 is divided by 21?
20
What is the remainder when 311 is divided by 154?
3
Calculate the remainder when 797 is divided by 47.
45
Calculate the remainder when 115 is divided by 78.
37
Calculate the remainder when 406 is divided by 34.
32
Calculate the remainder when 338 is divided by 81.
14
Calculate the remainder when 143 is divided by 65.
13
Calculate the remainder when 395 is divided by 57.
53
What is the remainder when 802 is divided by 766?
36
Calculate the remainder when 239 is divided by 142.
97
Calculate the remainder when 91 is divided by 65.
26
What is the remainder when 162 is divided by 44?
30
Calculate the remainder when 2099 is divided by 15.
14
What is the remainder when 29390 is divided by 97?
96
What is the remainder when 447 is divided by 221?
5
Calculate the remainder when 271 is divided by 129.
13
Calculate the remainder when 1580 is divided by 30.
20
Calculate the remainder when 14837 is divided by 140.
137
Calculate the remainder when 718 is divided by 250.
218
Calculate the remainder when 2359 is divided by 20.
19
Calculate the remainder when 105 is divided by 87.
18
What is the remainder when 364 is divided by 6?
4
Calculate the remainder when 180 is divided by 63.
54
What is the remainder when 367 is divided by 41?
39
Calculate the remainder when 103 is divided by 34.
1
What is the remainder when 699 is divided by 100?
99
What is the remainder when 555 is divided by 271?
13
Calculate the remainder when 32025 is divided by 204.
201
Calculate the remainder when 238 is divided by 8.
6
What is the remainder when 432 is divided by 163?
106
What is the remainder when 718 is divided by 8?
6
What is the remainder when 4507 is divided by 49?
48
What is the remainder when 756 is divided by 54?
0
Calculate the remainder when 229 is divided by 58.
55
Calculate the remainder when 5299 is divided by 30.
19
What is the remainder when 209 is divided by 14?
13
Calculate the remainder when 770 is divided by 9.
5
What is the remainder when 106 is divided by 96?
10
Calculate the remainder when 60 is divided by 19.
3
Calculate the remainder when 170 is divided by 12.
2
Calculate the remainder when 342 is divided by 10.
2
What is the remainder when 2819 is divided by 133?
26
What is the remainder when 42 is divided by 32?
10
What is the remainder when 793 is divided by 46?
11
Calculate the remainder when 275 is divided by 29.
14
Calculate the remainder when 1000 is divided by 412.
176
Calculate the remainder when 13584 is divided by 13.
12
What is the remainder when 178 is divided by 79?
20
What is the remainder when 243 is divided by 97?
49
What is the remainder when 503 is divided by 162?
17
What is the remainder when 477 is divided by 29?
13
Calculate the remainder when 669 is divided by 222.
3
What is the remainder when 552 is divided by 43?
36
Calculate the remainder when 209 is divided by 8.
1
Calculate the remainder when 423 is divided by 43.
36
What is the remainder when 77 is divided by 32?
13
What is the remainder when 2876 is divided by 27?
14
Calculate the remainder when 4653 is divided by 20.
13
Calculate the remainder when 60 is divided by 32.
28
Calculate the remainder when 111 is divided by 56.
55
Calculate the remainder when 69670 is divided by 8.
6
Calculate the remainder when 196 is divided by 11.
9
Calculate the remainder when 1532 is divided by 21.
20
Calculate the remainder when 107 is divided by 6.
5
What is the remainder when 416 is divided by 66?
20
Calculate the remainder when 5398 is divided by 72.
70
What is the remainder when 2545 is divided by 28?
25
Calculate the remainder when 295 is divided by 70.
15
Calculate the remainder when 367 is divided by 143.
81
What is the remainder when 2672 is divided by 107?
104
What is the remainder when 171 is divided by 79